ctor of 287 and 189182?
7
Calculate the greatest common divisor of 191897 and 127.
127
What is the highest common factor of 80375 and 1625?
125
Calculate the highest common factor of 9472 and 1312.
32
Calculate the highest common factor of 720 and 15040.
80
Calculate the greatest common factor of 38722 and 475.
19
Calculate the greatest common factor of 97262 and 3938.
22
What is the highest common divisor of 17 and 1652?
1
Calculate the highest common factor of 832 and 1482.
26
Calculate the highest common divisor of 21 and 6272.
7
Calculate the greatest common factor of 13 and 922103.
13
Calculate the greatest common divisor of 22390 and 40.
10
Calculate the greatest common divisor of 1363 and 9259.
47
Calculate the greatest common factor of 396 and 10620.
36
Calculate the highest common factor of 178766 and 154.
14
What is the greatest common divisor of 61858 and 24492?
314
What is the greatest common divisor of 478997 and 2404?
601
What is the greatest common factor of 67308 and 568?
284
Calculate the highest common factor of 361998 and 117.
117
Calculate the highest common divisor of 1062 and 325503.
531
What is the highest common factor of 478 and 5245094?
478
What is the greatest common factor of 165608 and 5461?
127
What is the highest common divisor of 7293 and 51480?
429
What is the highest common divisor of 467928 and 804?
804
Calculate the highest common divisor of 155 and 9796.
31
What is the highest common factor of 48875 and 275655?
1955
Calculate the greatest common factor of 102 and 1691942.
34
What is the highest common divisor of 159556 and 226?
226
Calculate the greatest common factor of 696 and 2900.
116
What is the greatest common factor of 519 and 115737?
519
What is the greatest common factor of 229738 and 116?
58
What is the greatest common factor of 860 and 700?
20
What is the highest common factor of 904 and 139668?
452
What is the highest common factor of 238 and 791945?
119
What is the greatest common divisor of 42952 and 1848?
56
Calculate the greatest common divisor of 632643 and 836.
209
What is the greatest common factor of 108 and 1405548?
36
Calculate the greatest common factor of 104 and 2655562.
26
Calculate the highest common divisor of 542 and 166123.
271
Calculate the highest common divisor of 3310406 and 44.
22
What is the greatest common divisor of 189344 and 1403?
61
What is the highest common factor of 9272 and 5795?
1159
Calculate the greatest common divisor of 18 and 232614.
18
What is the greatest common factor of 3199526 and 22?
22
What is the highest common divisor of 1467 and 1770180?
489
What is the highest common divisor of 17 and 3266601?
17
Calculate the greatest common divisor of 65 and 659360.
65
What is the highest common divisor of 2800 and 1725?
25
Calculate the greatest common factor of 627 and 67925.
209
What is the highest common factor of 145 and 23403?
29
Calculate the highest common factor of 61796 and 28.
28
Calculate the highest common divisor of 10031563 and 19.
19
Calculate the highest common divisor of 5104 and 816.
16
Calculate the greatest common divisor of 945 and 6965.
35
What is the greatest common divisor of 72 and 6312?
24
What is the greatest common factor of 54 and 1294?
2
Calculate the greatest common factor of 1674 and 1890.
54
What is the greatest common factor of 15966986 and 7?
7
Calculate the highest common divisor of 759472 and 64.
16
What is the highest common divisor of 730 and 2421848?
146
Calculate the highest common factor of 40 and 255540.
20
Calculate the highest common factor of 3533 and 2.
1
What is the greatest common divisor of 625 and 10394375?
625
What is the highest common factor of 31 and 232779?
31
What is the highest common factor of 49245 and 13083?
147
Calculate the greatest common factor of 120560 and 10480.
80
Calculate the highest common divisor of 39384 and 48.
24
Calculate the greatest common divisor of 46945 and 205.
205
Calculate the greatest common divisor of 134568 and 36.
36
Calculate the highest common divisor of 261 and 5829.
87
What is the greatest common factor of 4991 and 6944?
217
Calculate the greatest common factor of 50 and 441000.
50
What is the highest common factor of 234039 and 156?
39
What is the highest common factor of 2754 and 19683?
81
What is the highest common factor of 8281 and 8359?
13
What is the greatest common factor of 9891110 and 415?
415
What is the greatest common divisor of 90968 and 1992?
664
Calculate the highest common factor of 29 and 79895.
29
What is the highest common divisor of 837 and 16089?
93
What is the highest common factor of 8 and 6738648?
8
Calculate the highest common divisor of 31092 and 148.
4
What is the highest common divisor of 12490 and 14?
2
What is the highest common divisor of 17808 and 36?
12
Calculate the greatest common divisor of 102 and 135813.
51
What is the highest common factor of 45327 and 87?
87
What is the highest common divisor of 93 and 23591?
31
What is the greatest common divisor of 18850 and 1400?
50
What is the highest common factor of 512072 and 4598?
242
Calculate the highest common divisor of 574389 and 684.
171
What is the highest common divisor of 3794 and 2710?
542
What is the greatest common factor of 194999 and 14?
7
What is the highest common factor of 34363 and 7?
7
Calculate the highest common factor of 6424 and 98404.
292
Calculate the highest common factor of 30358 and 4942.
706
What is the highest common divisor of 145 and 877685?
145
Calculate the greatest common factor of 26628003 and 29.
29
Calculate the highest common factor of 6 and 1616.
2
What is the highest common divisor of 3379890 and 20?
10
What is the highest common divisor of 577 and 149443?
577
Calculate the greatest common divisor of 55 and 25817.
11
Calculate the highest common factor of 1032 and 28680.
24
Calculate the greatest common factor of 1021188 and 84.
84
What is the highest common factor of 5101139 and 17?
17
Calculate the highest common factor of 1184 and 3885.
37
What is the highest common factor of 13 and 30901?
13
Calculate the greatest common factor of 51 and 31875.
51
What is the greatest common factor of 16121 and 1029?
343
What is the highest common factor of 364128 and 96?
96
What is the highest common divisor of 54 and 18846?
54
Calculate the greatest common factor of 328 and 258112.
8
Calculate the highest common factor of 119 and 19.
1
What is the highest common factor of 2272 and 13792?
32
Calculate the greatest common divisor of 1647091 and 57.
19
Calculate the highest common divisor of 11130 and 12561.
159
Calculate the highest common divisor of 48686 and 4202.
22
Calculate the greatest common divisor of 170 and 5508.
34
Calculate the greatest common divisor of 94 and 142034.
94
What is the highest common divisor of 285158 and 799?
17
Calculate the greatest common factor of 14 and 3689.
7
Calculate the highest common factor of 154709 and 93697.
2179
What is the highest common factor of 2000910 and 5?
5
What is the highest common divisor of 217 and 21980?
7
What is the highest common factor of 11128 and 54600?
104
Calculate the greatest common factor of 67990 and 182.
26
What is the greatest common divisor of 3976 and 756?
28
What is the highest common divisor of 56 and 63504?
56
Calculate the greatest common divisor of 1840 and 7015.
115
Calculate the highest common divisor of 306 and 428418.
18
What is the highest common factor of 53883 and 648?
9
What is the greatest common factor of 17654 and 1932?
14
What is the greatest common divisor of 75640 and 280?
40
What is the highest common divisor of 909575 and 125?
25
Calculate the highest common divisor of 1530 and 74630.
170
Calculate the greatest common divisor of 512848 and 241.
241
Calculate the greatest common factor of 96 and 6421024.
32
Calculate the highest common divisor of 66885 and 1155.
105
Calculate the greatest common divisor of 36738 and 90.
18
What is the highest common divisor of 14483 and 5761?
7
What is the highest common factor of 535 and 185?
5
What is the greatest common factor of 506 and 114246?
22
Calculate the highest common factor of 635764 and 4.
4
Calculate the highest common divisor of 1432 and 11.
1
What is the greatest common divisor of 55645 and 93?
31
Calculate the hig